{"id":299,"date":"2024-03-31T03:23:55","date_gmt":"2024-03-31T03:23:55","guid":{"rendered":"https:\/\/quiruimplantesdc.com\/?post_type=product&#038;p=299"},"modified":"2025-02-03T17:20:26","modified_gmt":"2025-02-03T17:20:26","slug":"membranas","status":"publish","type":"product","link":"https:\/\/quiruimplantesdc.com\/index.php\/producto\/membranas\/","title":{"rendered":"Membranas Hemostaticas"},"content":{"rendered":"<p>Es un<strong> hemost\u00e1tico absorbible<\/strong> natural de origen vegetal a base de <strong>Celulosa Regenerada Oxidada<\/strong>, compuesto de celulosa oxidada regenerada, dise\u00f1ado para detener el sangrado capilar, venoso y arterial menor. Absorbe la sangre y forma una masa gelatinosa de color marr\u00f3n\/negro que favorece la formaci\u00f3n del co\u00e1gulo en el lugar de aplicaci\u00f3n.<\/p>\n<p><span><span class=\"\">Contamos con 4 presentaciones <strong>Original malla, fibrilar, Knit Malla tejida y Snow no tejido<\/strong> de color blanco o amarillo p\u00e1lido y se pueden cortar en los tama\u00f1os deseados para diferentes cirug\u00edas endosc\u00f3picas y neurocirug\u00eda.<\/span><\/span><\/p>\n","protected":false},"excerpt":{"rendered":"<p>Es un hemost\u00e1tico absorbible natural de origen vegetal a base de Celulosa Regenerada Oxidada, compuesto de celulosa oxidada regenerada, dise\u00f1ado para detener el sangrado capilar, venoso y arterial menor. Absorbe la sangre y forma una masa gelatinosa de color marr\u00f3n\/negro que favorece la formaci\u00f3n del co\u00e1gulo en el lugar de aplicaci\u00f3n. Contamos con 4 presentaciones [&hellip;]<\/p>\n","protected":false},"featured_media":797,"comment_status":"open","ping_status":"closed","template":"","meta":{"om_disable_all_campaigns":false,"_monsterinsights_skip_tracking":false,"_monsterinsights_sitenote_active":false,"_monsterinsights_sitenote_note":"","_monsterinsights_sitenote_category":0,"_joinchat":[]},"product_brand":[],"product_cat":[33,30,23,32],"product_tag":[],"class_list":{"0":"post-299","1":"product","2":"type-product","3":"status-publish","4":"has-post-thumbnail","6":"product_cat-hemostaticos","7":"product_cat-neurocirugia","8":"product_cat-ortopedia","9":"product_cat-otorrino","11":"first","12":"instock","13":"shipping-taxable","14":"product-type-simple"},"aioseo_notices":[],"jetpack_sharing_enabled":true,"_links":{"self":[{"href":"https:\/\/quiruimplantesdc.com\/index.php\/wp-json\/wp\/v2\/product\/299","targetHints":{"allow":["GET"]}}],"collection":[{"href":"https:\/\/quiruimplantesdc.com\/index.php\/wp-json\/wp\/v2\/product"}],"about":[{"href":"https:\/\/quiruimplantesdc.com\/index.php\/wp-json\/wp\/v2\/types\/product"}],"replies":[{"embeddable":true,"href":"https:\/\/quiruimplantesdc.com\/index.php\/wp-json\/wp\/v2\/comments?post=299"}],"version-history":[{"count":4,"href":"https:\/\/quiruimplantesdc.com\/index.php\/wp-json\/wp\/v2\/product\/299\/revisions"}],"predecessor-version":[{"id":799,"href":"https:\/\/quiruimplantesdc.com\/index.php\/wp-json\/wp\/v2\/product\/299\/revisions\/799"}],"wp:featuredmedia":[{"embeddable":true,"href":"https:\/\/quiruimplantesdc.com\/index.php\/wp-json\/wp\/v2\/media\/797"}],"wp:attachment":[{"href":"https:\/\/quiruimplantesdc.com\/index.php\/wp-json\/wp\/v2\/media?parent=299"}],"wp:term":[{"taxonomy":"product_brand","embeddable":true,"href":"https:\/\/quiruimplantesdc.com\/index.php\/wp-json\/wp\/v2\/product_brand?post=299"},{"taxonomy":"product_cat","embeddable":true,"href":"https:\/\/quiruimplantesdc.com\/index.php\/wp-json\/wp\/v2\/product_cat?post=299"},{"taxonomy":"product_tag","embeddable":true,"href":"https:\/\/quiruimplantesdc.com\/index.php\/wp-json\/wp\/v2\/product_tag?post=299"}],"curies":[{"name":"wp","href":"https:\/\/api.w.org\/{rel}","templated":true}]}}