{"id":293,"date":"2024-03-31T03:22:14","date_gmt":"2024-03-31T03:22:14","guid":{"rendered":"https:\/\/quiruimplantesdc.com\/?post_type=product&#038;p=293"},"modified":"2024-07-04T02:17:30","modified_gmt":"2024-07-04T02:17:30","slug":"en-gel","status":"publish","type":"product","link":"https:\/\/quiruimplantesdc.com\/index.php\/producto\/en-gel\/","title":{"rendered":"En gel"},"content":{"rendered":"<p>Su aplicaci\u00f3n puede ser en forma seca o como una pasta mezclada con soluci\u00f3n salina. Se pueden lograr diferentes consistencias y grados de viscosidad variando la proporci\u00f3n de polvo a l\u00edquido para un uso \u00f3ptimo en estructuras irregulares como el hueso y para rellenar cualquier cavidad o fisura seg\u00fan sea necesario<\/p>\n","protected":false},"excerpt":{"rendered":"<p>Su aplicaci\u00f3n puede ser en forma seca o como una pasta mezclada con soluci\u00f3n salina. Se pueden lograr diferentes consistencias y grados de viscosidad variando la proporci\u00f3n de polvo a l\u00edquido para un uso \u00f3ptimo en estructuras irregulares como el hueso y para rellenar cualquier cavidad o fisura seg\u00fan sea necesario<\/p>\n","protected":false},"featured_media":479,"comment_status":"open","ping_status":"closed","template":"","meta":{"om_disable_all_campaigns":false,"_monsterinsights_skip_tracking":false,"_monsterinsights_sitenote_active":false,"_monsterinsights_sitenote_note":"","_monsterinsights_sitenote_category":0,"_joinchat":[]},"product_brand":[],"product_cat":[33],"product_tag":[],"class_list":{"0":"post-293","1":"product","2":"type-product","3":"status-publish","4":"has-post-thumbnail","6":"product_cat-hemostaticos","8":"first","9":"instock","10":"shipping-taxable","11":"product-type-simple"},"aioseo_notices":[],"jetpack_sharing_enabled":true,"_links":{"self":[{"href":"https:\/\/quiruimplantesdc.com\/index.php\/wp-json\/wp\/v2\/product\/293","targetHints":{"allow":["GET"]}}],"collection":[{"href":"https:\/\/quiruimplantesdc.com\/index.php\/wp-json\/wp\/v2\/product"}],"about":[{"href":"https:\/\/quiruimplantesdc.com\/index.php\/wp-json\/wp\/v2\/types\/product"}],"replies":[{"embeddable":true,"href":"https:\/\/quiruimplantesdc.com\/index.php\/wp-json\/wp\/v2\/comments?post=293"}],"version-history":[{"count":2,"href":"https:\/\/quiruimplantesdc.com\/index.php\/wp-json\/wp\/v2\/product\/293\/revisions"}],"predecessor-version":[{"id":647,"href":"https:\/\/quiruimplantesdc.com\/index.php\/wp-json\/wp\/v2\/product\/293\/revisions\/647"}],"wp:featuredmedia":[{"embeddable":true,"href":"https:\/\/quiruimplantesdc.com\/index.php\/wp-json\/wp\/v2\/media\/479"}],"wp:attachment":[{"href":"https:\/\/quiruimplantesdc.com\/index.php\/wp-json\/wp\/v2\/media?parent=293"}],"wp:term":[{"taxonomy":"product_brand","embeddable":true,"href":"https:\/\/quiruimplantesdc.com\/index.php\/wp-json\/wp\/v2\/product_brand?post=293"},{"taxonomy":"product_cat","embeddable":true,"href":"https:\/\/quiruimplantesdc.com\/index.php\/wp-json\/wp\/v2\/product_cat?post=293"},{"taxonomy":"product_tag","embeddable":true,"href":"https:\/\/quiruimplantesdc.com\/index.php\/wp-json\/wp\/v2\/product_tag?post=293"}],"curies":[{"name":"wp","href":"https:\/\/api.w.org\/{rel}","templated":true}]}}