{"id":265,"date":"2024-03-31T03:09:03","date_gmt":"2024-03-31T03:09:03","guid":{"rendered":"https:\/\/quiruimplantesdc.com\/?post_type=product&#038;p=265"},"modified":"2024-06-25T00:59:44","modified_gmt":"2024-06-25T00:59:44","slug":"valvula-de-derivacion-venriculo-peritoneal-adulto-y-pediatrico","status":"publish","type":"product","link":"https:\/\/quiruimplantesdc.com\/index.php\/producto\/valvula-de-derivacion-venriculo-peritoneal-adulto-y-pediatrico\/","title":{"rendered":"Valvula de derivaci\u00f3n ventriculo peritoneal, adulto y pediatrico"},"content":{"rendered":"<p>Son dispositivos que drenan el l\u00edquido extra del cerebro a la cavidad peritoneal, en el abdomen, donde el l\u00edquido puede ser absorbido<\/p>\n","protected":false},"excerpt":{"rendered":"<p>Son dispositivos que drenan el l\u00edquido extra del cerebro a la cavidad peritoneal, en el abdomen, donde el l\u00edquido puede ser absorbido<\/p>\n","protected":false},"featured_media":629,"comment_status":"open","ping_status":"closed","template":"","meta":{"om_disable_all_campaigns":false,"_monsterinsights_skip_tracking":false,"_monsterinsights_sitenote_active":false,"_monsterinsights_sitenote_note":"","_monsterinsights_sitenote_category":0,"_joinchat":[]},"product_brand":[],"product_cat":[30],"product_tag":[],"class_list":{"0":"post-265","1":"product","2":"type-product","3":"status-publish","4":"has-post-thumbnail","6":"product_cat-neurocirugia","8":"first","9":"instock","10":"shipping-taxable","11":"product-type-simple"},"aioseo_notices":[],"jetpack_sharing_enabled":true,"_links":{"self":[{"href":"https:\/\/quiruimplantesdc.com\/index.php\/wp-json\/wp\/v2\/product\/265","targetHints":{"allow":["GET"]}}],"collection":[{"href":"https:\/\/quiruimplantesdc.com\/index.php\/wp-json\/wp\/v2\/product"}],"about":[{"href":"https:\/\/quiruimplantesdc.com\/index.php\/wp-json\/wp\/v2\/types\/product"}],"replies":[{"embeddable":true,"href":"https:\/\/quiruimplantesdc.com\/index.php\/wp-json\/wp\/v2\/comments?post=265"}],"version-history":[{"count":2,"href":"https:\/\/quiruimplantesdc.com\/index.php\/wp-json\/wp\/v2\/product\/265\/revisions"}],"predecessor-version":[{"id":370,"href":"https:\/\/quiruimplantesdc.com\/index.php\/wp-json\/wp\/v2\/product\/265\/revisions\/370"}],"wp:featuredmedia":[{"embeddable":true,"href":"https:\/\/quiruimplantesdc.com\/index.php\/wp-json\/wp\/v2\/media\/629"}],"wp:attachment":[{"href":"https:\/\/quiruimplantesdc.com\/index.php\/wp-json\/wp\/v2\/media?parent=265"}],"wp:term":[{"taxonomy":"product_brand","embeddable":true,"href":"https:\/\/quiruimplantesdc.com\/index.php\/wp-json\/wp\/v2\/product_brand?post=265"},{"taxonomy":"product_cat","embeddable":true,"href":"https:\/\/quiruimplantesdc.com\/index.php\/wp-json\/wp\/v2\/product_cat?post=265"},{"taxonomy":"product_tag","embeddable":true,"href":"https:\/\/quiruimplantesdc.com\/index.php\/wp-json\/wp\/v2\/product_tag?post=265"}],"curies":[{"name":"wp","href":"https:\/\/api.w.org\/{rel}","templated":true}]}}