{"id":137,"date":"2024-03-19T02:02:01","date_gmt":"2024-03-19T02:02:01","guid":{"rendered":"https:\/\/quiruimplantesdc.com\/?post_type=product&#038;p=137"},"modified":"2025-02-03T15:33:54","modified_gmt":"2025-02-03T15:33:54","slug":"craneotomo-primado","status":"publish","type":"product","link":"https:\/\/quiruimplantesdc.com\/index.php\/producto\/craneotomo-primado\/","title":{"rendered":"Crane\u00f3tomo Primado"},"content":{"rendered":"<p>Equipo de alta revoluci\u00f3n el\u00e9ctrico ligero que permite realizar cortes y fresados m\u00e1s precisos en espacio de dificil acceso.<\/p>\n<p>Este motor cuenta con 2 piezas de mano de uso manual y pedal delgadas mejorando la visibilidad en los puntos quir\u00fargicos, balanceado, disminuyendo la fatiga al cirujano al momento de manipularlo, f\u00e1cil uso y permite realizar elongaci\u00f3n en sus fresas permitiendo llegar a lugares profundos, cuenta con un sistema silencioso y con regulaci\u00f3n de velocidad touch en su consola de comando.<\/p>\n","protected":false},"excerpt":{"rendered":"<p>Equipo de alta revoluci\u00f3n el\u00e9ctrico ligero que permite realizar cortes y fresados m\u00e1s precisos en espacio de dificil acceso. Este motor cuenta con 2 piezas de mano de uso manual y pedal delgadas mejorando la visibilidad en los puntos quir\u00fargicos, balanceado, disminuyendo la fatiga al cirujano al momento de manipularlo, f\u00e1cil uso y permite realizar [&hellip;]<\/p>\n","protected":false},"featured_media":707,"comment_status":"open","ping_status":"closed","template":"","meta":{"om_disable_all_campaigns":false,"_monsterinsights_skip_tracking":false,"_monsterinsights_sitenote_active":false,"_monsterinsights_sitenote_note":"","_monsterinsights_sitenote_category":0,"_joinchat":[]},"product_brand":[],"product_cat":[30,23],"product_tag":[],"class_list":{"0":"post-137","1":"product","2":"type-product","3":"status-publish","4":"has-post-thumbnail","6":"product_cat-neurocirugia","7":"product_cat-ortopedia","9":"first","10":"instock","11":"shipping-taxable","12":"product-type-simple"},"aioseo_notices":[],"jetpack_sharing_enabled":true,"_links":{"self":[{"href":"https:\/\/quiruimplantesdc.com\/index.php\/wp-json\/wp\/v2\/product\/137","targetHints":{"allow":["GET"]}}],"collection":[{"href":"https:\/\/quiruimplantesdc.com\/index.php\/wp-json\/wp\/v2\/product"}],"about":[{"href":"https:\/\/quiruimplantesdc.com\/index.php\/wp-json\/wp\/v2\/types\/product"}],"replies":[{"embeddable":true,"href":"https:\/\/quiruimplantesdc.com\/index.php\/wp-json\/wp\/v2\/comments?post=137"}],"version-history":[{"count":6,"href":"https:\/\/quiruimplantesdc.com\/index.php\/wp-json\/wp\/v2\/product\/137\/revisions"}],"predecessor-version":[{"id":768,"href":"https:\/\/quiruimplantesdc.com\/index.php\/wp-json\/wp\/v2\/product\/137\/revisions\/768"}],"wp:featuredmedia":[{"embeddable":true,"href":"https:\/\/quiruimplantesdc.com\/index.php\/wp-json\/wp\/v2\/media\/707"}],"wp:attachment":[{"href":"https:\/\/quiruimplantesdc.com\/index.php\/wp-json\/wp\/v2\/media?parent=137"}],"wp:term":[{"taxonomy":"product_brand","embeddable":true,"href":"https:\/\/quiruimplantesdc.com\/index.php\/wp-json\/wp\/v2\/product_brand?post=137"},{"taxonomy":"product_cat","embeddable":true,"href":"https:\/\/quiruimplantesdc.com\/index.php\/wp-json\/wp\/v2\/product_cat?post=137"},{"taxonomy":"product_tag","embeddable":true,"href":"https:\/\/quiruimplantesdc.com\/index.php\/wp-json\/wp\/v2\/product_tag?post=137"}],"curies":[{"name":"wp","href":"https:\/\/api.w.org\/{rel}","templated":true}]}}